pose -2*d = -m*d + 184. What is the remainder when d is divided by 16?
14
Suppose -w - m = -7, -5*w + 5*m + 3 + 2 = 0. Suppose 5*c - 31 = 2*z - w*z, 2*z + 19 = 5*c. What is the remainder when ((-15)/20)/(2/(-16)) is divided by z?
0
Suppose 2*u - 171 = -3*t, 0 = 5*u - 20*t + 15*t - 490. What is the remainder when 369 is divided by u?
90
Let l be -151*(0/6 + 2 + -3). Suppose 6*m - 239 = l. Calculate the remainder when m is divided by 34.
31
Suppose -5*p = -z - 99 + 9, -32 = -3*p + 5*z. What is the remainder when p is divided by 1 + 5 + 0 + 1?
5
Suppose 3*j - 4*q = -q - 3, 2*q = -3*j + 2. Suppose c - 99 = -3*b - 2*c, j = 3*b - c - 111. Calculate the remainder when b is divided by 19.
17
Suppose q + 2*y = 37, 16*y = -3*q + 18*y + 127. Calculate the remainder when 246 is divided by q.
0
Suppose 0 = -j - j - 16. Let p be 0*(4/j + 1). Suppose p = -3*t + 19 + 2. What is the remainder when 18 is divided by t?
4
Let w = -1725 - -1763. What is the remainder when 131 is divided by w?
17
Calculate the remainder when (-1 + -2)/(-2*(-1)/(-214)) is divided by 10.
1
Let j = -331 - -576. Calculate the remainder when j is divided by 1.
0
Let s = 6 - 1. Suppose 0*v + s*v = 50. What is the remainder when -3 + (-12 - 2)/(6/(-9)) is divided by v?
8
Let p(v) = -v**3 + 6*v**2 - 2*v + 2. Let x be p(5). Suppose 0 = x*q - 6*q - 341. Calculate the remainder when 58 is divided by q.
27
Suppose 0 = 6*u + 404 - 1718. Suppose 3*m + 6 = 0, 5*d - 46 = 5*m + u. Calculate the remainder when d is divided by 18.
15
Suppose -3*v - 4*g - g = -2, 2*v = g + 10. Suppose -3*m + 60 = -m - 3*c, v*m - 116 = 5*c. What is the remainder when m is divided by 16?
8
Let z(r) be the first derivative of -r**4/4 - 3*r**3 - 3*r**2/2 - 20*r + 2. Let x(n) = n**2 + n + 6. What is the remainder when x(-5) is divided by z(-9)?
5
Suppose 0 = 3*i - 2*i - 16. Suppose 2*f = 4*f - i. Calculate the remainder when -26*2/f*-8 is divided by 18.
16
Let x(b) = -b**2 + 2*b + 2. Let n be x(7). Let q = -1 - n. Suppose 10*l - 522 = 418. Calculate the remainder when l is divided by q.
30
Let v = -812 - -1099. What is the remainder when v is divided by 97?
93
Suppose a + 21*a = 176. Calculate the remainder when 34 is divided by a.
2
What is the remainder when ((-21)/(-2))/(-7)*(-83 - -1) is divided by 65?
58
Suppose 19*l + 4*w - 5 = 16*l, 2*l - 26 = 3*w. Calculate the remainder when 67 is divided by l.
4
Suppose -5*d - 3*j + 7*j = -31, -d + 5*j = -23. Suppose -4 = -n + d*a, -6 + 26 = 5*a. What is the remainder when 77 is divided by n?
13
Calculate the remainder when ((-12)/(-10))/(15/14775) is divided by 16.
14
Let n = 5 - 8. Let l(r) = -r - 1. What is the remainder when l(-4) is divided by (1/4)/(n/(-12))?
0
Let p = 385 - 279. What is the remainder when 349 is divided by p?
31
Suppose -2*m - 72 = -4*j + 10, 15 = -5*m. Calculate the remainder when 139 is divided by j.
6
Suppose 22196 = 51*s - 6874. Calculate the remainder when s is divided by 94.
6
Suppose 2*l = -2*r + 14 + 4, l + 27 = 3*r. Suppose -4*x + 127 + r = 0. What is the remainder when 100 is divided by x?
32
Calculate the remainder when 444 is divided by (-12)/(60/65)*-7.
80
Suppose 2*o = -r + 62, 0 = -o + 4*r - r + 24. Suppose o = 3*k - f, 4*k + 0*f + 2*f = 40. What is the remainder when 13 is divided by k?
3
Let c = 80 - 77. Suppose -5*r + q = -c*r - 47, r = -5*q + 29. Calculate the remainder when 44 is divided by r.
20
Let v(s) = 6*s + 65. Let u(m) = -m - 13. Let l(h) = -11*u(h) - 2*v(h). Suppose 22 = -8*y - 2. What is the remainder when 27 is divided by l(y)?
11
Let j = 506 + -258. Suppose 0*f - 4*k + 110 = 2*f, -j = -5*f - k. Calculate the remainder when f is divided by 15.
4
What is the remainder when 427 is divided by ((-40)/(-14))/(2298/(-462) - -5)?
97
Let y(z) = -9*z - 43. Calculate the remainder when 97 is divided by y(-8).
10
Let b be (12/8)/((-1)/(-2)). Suppose 4*y = 15 - b. Suppose h - 3 - y = 0. Calculate the remainder when 9 is divided by h.
3
Suppose 0*w = -w. Suppose 4*g + 0*g + 36 = w. What is the remainder when 32 is divided by (-1)/(-2 - 17/g)?
5
Suppose c - 5*l + 0*l = 72, 0 = -l - 2. Suppose -3*v = -h - 12, 0*h = 3*v + 2*h - 3. Suppose v*u = u + 32. What is the remainder when c is divided by u?
14
Suppose -v - 4*s + 67 = -0*v, -s = -3*v + 214. Let t = 4 - -14. What is the remainder when v is divided by t?
17
Calculate the remainder when 285 is divided by 41 + -2 + (-5 - 2).
29
Let m(f) be the second derivative of f**3/2 + 20*f**2 + 16*f. Calculate the remainder when m(-11) is divided by 2.
1
Let v(a) = a**3 - a + 20. Let d be v(0). Let j be (-805)/d + (-1)/(-4). Let b = 86 + j. Calculate the remainder when b is divided by 12.
10
Let k be (-3)/(-2) - (-5)/10. Suppose 12*o - 260 = k*o. What is the remainder when o is divided by 7?
5
Calculate the remainder when 10/(-35) + ((-3357)/(-63) - 0) is divided by 36.
17
What is the remainder when 1004 is divided by 14*((-3)/(-63))/(21/504)?
12
Suppose 6 = 3*o + u, -2*u - u = 5*o - 14. Let r = -55 + 37. Let f = o - r. Calculate the remainder when 73 is divided by f.
16
Let p(f) = 6*f + 6. Let i be p(-5). Let u = i - -31. Calculate the remainder when 41 is divided by u.
6
Let h(g) = -g + 1. Let j be h(5). Let r be ((-2)/j)/(3/18). Suppose -5*l + 3*k + 28 = 0, 4 = 5*l - r*l - 3*k. What is the remainder when 38 is divided by l?
6
Let c(g) = 16*g**2 - 2*g + 1. Let m(w) = -w. Let q(y) = -49*y + 7. Let s(b) = 35*m(b) - q(b). Calculate the remainder when c(2) is divided by s(2).
19
Let d(b) = b**2 + 15*b - 13. Let r be d(-16). Let w = r + 53. Let t = 44 - 25. Calculate the remainder when w is divided by t.
18
Suppose 2*p + 3*p = 3*t - 544, -p = 4*t - 756. Suppose 5*m = m + t. Calculate the remainder when m is divided by 24.
23
Suppose -l + 171 = m, 10*m = 8*m - l + 338. What is the remainder when m is divided by 17?
14
Let c = 524 - 508. What is the remainder when 125 is divided by c?
13
Let t = 15 - 7. Suppose -g - 5*l + 72 = 2*g, -4*l = 5*g - 133. Calculate the remainder when g is divided by t + (-11 - -3)/4.
5
Let x(p) = 16*p + 46. Calculate the remainder when 704 is divided by x(8).
8
Suppose -2*p + 3*f = -81, 65 + 18 = 2*p - f. Let y(u) = -u**2 - 9*u - 7. Calculate the remainder when p is divided by y(-3).
9
Let r = -257 - -269. What is the remainder when 454 is divided by r?
10
Let s = 231 + -135. Let k = -27 - s. Let n = -76 - k. What is the remainder when n is divided by 16?
15
Suppose -4*c + 1520 = 5*w + c, 5*w - 1530 = 5*c. Calculate the remainder when w is divided by 85.
50
What is the remainder when 290 is divided by (-477)/(-5) + 108/(-270)?
5
Let n(d) = 2*d**2 - 4*d - d - 2 + 2*d**2 - 5*d**2. Calculate the remainder when (-13)/(2 + -1 + -2) is divided by n(-3).
1
Suppose -5*h + 41 = -149. Calculate the remainder when h is divided by 14.
10
Let x(u) = -u**2 + 10*u - 6. Let b be x(5). Suppose b*z - 21*z = -2. Calculate the remainder when 26 is divided by (-37)/(-4) + z/(-4).
8
Let h(g) = -19*g + 10. What is the remainder when 693 is divided by h(-1)?
26
Let j(v) = 6*v**2 - 6*v - 5. Let u be j(6). Suppose u + 37 = -q. Calculate the remainder when 21 is divided by q/(-26) + 8/(-52).
5
Suppose 27 = 2*s - 9. Let x(q) = -2*q + 20. Calculate the remainder when x(-7) is divided by s.
16
Suppose 4*m = 304 + 544. Suppose 1813 + m = 9*d. What is the remainder when d is divided by 38?
35
Let u(i) = 7*i + 1. Let l(r) = 8*r**2 - 3*r - 4. Let t be l(3). Suppose 9*p + t = 10*p. What is the remainder when p is divided by u(2)?
14
Calculate the remainder when 220 is divided by ((-836)/(-57))/((-4)/(-6)).
0
Suppose 0 = 3*q - 0 - 30. Let u be (-3 - -11) + -3 - 6/3. What is the remainder when (-2)/(2/(-37))*(u - 2) is divided by q?
7
Suppose -3*n + 21 = 3*y, 6*n - 11 = -3*y + n. Calculate the remainder when 105 is divided by y.
9
Let j(q) = -q**3 - 7*q**2 + 9*q - 5. Let m be j(-8). What is the remainder when (m + -11)*10/(-8) is divided by 8?
6
Suppose -567 = 660*d - 669*d. What is the remainder when d is divided by 43?
20
Suppose -8*p + 28 = -4. What is the remainder when p is divided by 3?
1
Suppose -5*t - 10*v + 5 = -5*v, -2*t - v = -5. Calculate the remainder when 125 is divided by t.
1
Suppose 4*j - 8 = -k, -3*j - 17 = -k + 5. Let c(s) = s**2 + 4*s - k*s + 4*s. Calculate the remainder when c(10) is divide